{"id":126,"date":"2024-12-21T08:35:15","date_gmt":"2024-12-21T08:35:15","guid":{"rendered":"https:\/\/www.kairanvaellus.fi\/?page_id=126"},"modified":"2026-03-21T07:54:22","modified_gmt":"2026-03-21T07:54:22","slug":"muotkatuntunturi-ohjattu-vaellus-muotka-patikointi-opastettu-vaellus","status":"publish","type":"page","link":"https:\/\/www.kairanvaellus.fi\/?page_id=126","title":{"rendered":"Muotkatunturi"},"content":{"rendered":"\n<p class=\"has-white-color has-text-color has-link-color wp-elements-8d628e605a95edc77e28a0b63873b509\">Ohjattu vaellus Muotkatunturi<\/p>\n\n\n\n<p class=\"has-text-align-center\">Muotka on metka paikka. Ehdottomasti hyv\u00e4 paikka heille, jotka haluavat kokea vaelluksen todellisessa avotunturissa. Muotkalla on koivikkoisia laaksoja, joista vaelluksen aikana saa vesit\u00e4ydennykset. Aina pit\u00e4\u00e4 kuitenkin huomioida, ett\u00e4 onko l\u00e4hd\u00f6ss\u00e4 kuivimpaan kes\u00e4aikaan vaiko kev\u00e4\u00e4ll\u00e4 tai syksyll\u00e4. Pienemm\u00e4t purot ylh\u00e4\u00e4ll\u00e4 tunturissa kuivahtaa kes\u00e4n mittaan, mutta isoimmissa puroissa laaksoissa vett\u00e4 riitt\u00e4\u00e4. <\/p>\n\n\n\n<p class=\"has-text-align-center\">Avoin maasto saattaa haastaa tuulisella s\u00e4\u00e4ll\u00e4, mutta silloin suojaisista laaksoista l\u00f6ytyy sen verran tasaista maata, jonne leirin voi pystytt\u00e4\u00e4. Itse tykk\u00e4\u00e4n minimoida mukana kannettavan varusteiden painoa ja teltta on yksi isommista painon s\u00e4\u00e4st\u00f6n kohteista. Usein itsell\u00e4ni on telttana toimii vaellussauvojen varaan pystytett\u00e4v\u00e4 kahden hengen kevytteltta. T\u00e4m\u00e4 teltta ei ole paras vaihtoehto kovaan tuleen, vaikka t\u00e4h\u00e4n saakka olen p\u00e4rj\u00e4nnyt sen kanssa ongelmitta.<\/p>\n\n\n\n<p class=\"has-text-align-center\">,Muotkalta l\u00f6ytyy jokunen vakiintunut kulku-urakin, mutta parhaat paikat ovat kuitenkin aivan muualla kuin polkujen varrella. T\u00e4\u00e4ll\u00e4 jos jossain kannattaa l\u00e4hte\u00e4 kokonaan omille poluille. Omien reittien suunnittelussa pit\u00e4\u00e4 huomioida, ett\u00e4 Muotkatunturilla on jonkin verran poroaitoja. Aidoisa ei p\u00e4\u00e4se l\u00e4pi ihan mist\u00e4 tahansa, vaan kannattaa katsoa kartasta, miss\u00e4 viralliset portit sijaitsee. Muuten asiasta saattaa muodostua yll\u00e4tt\u00e4v\u00e4 muuttuja reittiin.<\/p>\n\n\n\n<figure class=\"wp-block-image size-large is-style-rounded\"><img loading=\"lazy\" decoding=\"async\" width=\"1024\" height=\"497\" src=\"https:\/\/www.kairanvaellus.fi\/wp-content\/uploads\/2024\/12\/20241224_092535-1024x497.jpg\" alt=\"\" class=\"wp-image-182\" srcset=\"https:\/\/www.kairanvaellus.fi\/wp-content\/uploads\/2024\/12\/20241224_092535-1024x497.jpg 1024w, https:\/\/www.kairanvaellus.fi\/wp-content\/uploads\/2024\/12\/20241224_092535-300x146.jpg 300w, https:\/\/www.kairanvaellus.fi\/wp-content\/uploads\/2024\/12\/20241224_092535-768x373.jpg 768w, https:\/\/www.kairanvaellus.fi\/wp-content\/uploads\/2024\/12\/20241224_092535-1536x746.jpg 1536w, https:\/\/www.kairanvaellus.fi\/wp-content\/uploads\/2024\/12\/20241224_092535-2048x995.jpg 2048w\" sizes=\"auto, (max-width: 1024px) 100vw, 1024px\" \/><\/figure>\n\n\n\n<p class=\"has-text-align-center\">Muotkatunturi on perinteist\u00e4 porotalousaluetta. Pohjoisen puoleisella alueella tosin tuntuu poroja liikkuvan aika v\u00e4h\u00e4n, omasta kokemuksesta, mutta on t\u00e4\u00e4lt\u00e4 on j\u00e4\u00e4nyt jokunen sarvikin matkaan mukaan. T\u00e4\u00e4ll\u00e4, niin kuin kaikilla alueilla joissa on poroja, kannattaa porojen rykim\u00e4aikaan olla tarkkana. Rykim\u00e4aikaan porotokkaa kohti ei kannata k\u00e4vell\u00e4, vaan l\u00e4hte\u00e4 kiert\u00e4m\u00e4\u00e4n se hyviss\u00e4 ajoin kauempaa. Hirvaiden k\u00e4yt\u00f6s saattaa olla aggressiivista rykim\u00e4aikana, jos ne kokevat uhkaa ihmisest\u00e4. Poroa ei juoksemalla pakoon p\u00e4\u00e4se, eik\u00e4 Muotkalla ole liioin puita mink\u00e4 taakse menne\u00e4. Rykim\u00e4aika alkaa syyskuun loppupuolella, joten kes\u00e4n ja alkusyksyn aika t\u00e4h\u00e4n haasteeseen ei t\u00f6rm\u00e4\u00e4. <\/p>\n\n\n\n<p class=\"has-text-align-center\">Muotkatunturi on itselle ollut se paikka, jossa olen useimmin t\u00f6rm\u00e4nnyt useampaan riekkoparveen. Kymmenen metrin p\u00e4\u00e4st\u00e4 lentoon l\u00e4htev\u00e4 riekkoparvi p\u00e4\u00e4see aina yll\u00e4tt\u00e4m\u00e4\u00e4n. <\/p>\n\n\n\n<figure class=\"wp-block-image size-large is-style-rounded\"><img loading=\"lazy\" decoding=\"async\" width=\"1024\" height=\"729\" src=\"https:\/\/www.kairanvaellus.fi\/wp-content\/uploads\/2026\/02\/Muotka-1-1024x729.jpg\" alt=\"Ohjattu vaellus tunturissa. Avaruutta ja seikkailua.\" class=\"wp-image-649\" srcset=\"https:\/\/www.kairanvaellus.fi\/wp-content\/uploads\/2026\/02\/Muotka-1-1024x729.jpg 1024w, https:\/\/www.kairanvaellus.fi\/wp-content\/uploads\/2026\/02\/Muotka-1-300x214.jpg 300w, https:\/\/www.kairanvaellus.fi\/wp-content\/uploads\/2026\/02\/Muotka-1-768x547.jpg 768w, https:\/\/www.kairanvaellus.fi\/wp-content\/uploads\/2026\/02\/Muotka-1-1536x1093.jpg 1536w, https:\/\/www.kairanvaellus.fi\/wp-content\/uploads\/2026\/02\/Muotka-1-2048x1457.jpg 2048w\" sizes=\"auto, (max-width: 1024px) 100vw, 1024px\" \/><\/figure>\n\n\n\n<p class=\"has-text-align-center\">Ohjattu vaellus Muotkatunturilla on t\u00e4n\u00e4 vuonna vuorossa 6.9.-11.9. Linkin kautta p\u00e4\u00e4set tutustumaan syksyn vaellukseen: <a href=\"https:\/\/www.kairanvaellus.fi\/?page_id=285\" target=\"_blank\" rel=\"noreferrer noopener\">Ohjattu vaellus Muotkatunturi<\/a><\/p>\n\n\n\n<figure class=\"wp-block-image size-large is-style-rounded\"><img loading=\"lazy\" decoding=\"async\" width=\"1024\" height=\"596\" src=\"https:\/\/www.kairanvaellus.fi\/wp-content\/uploads\/2026\/02\/IMG_20220905_195108-1024x596.jpg\" alt=\"Ohjattu vaellus tunturissa. Avaruutta ja seikkailua.\" class=\"wp-image-651\" srcset=\"https:\/\/www.kairanvaellus.fi\/wp-content\/uploads\/2026\/02\/IMG_20220905_195108-1024x596.jpg 1024w, https:\/\/www.kairanvaellus.fi\/wp-content\/uploads\/2026\/02\/IMG_20220905_195108-300x175.jpg 300w, https:\/\/www.kairanvaellus.fi\/wp-content\/uploads\/2026\/02\/IMG_20220905_195108-768x447.jpg 768w, https:\/\/www.kairanvaellus.fi\/wp-content\/uploads\/2026\/02\/IMG_20220905_195108-1536x894.jpg 1536w, https:\/\/www.kairanvaellus.fi\/wp-content\/uploads\/2026\/02\/IMG_20220905_195108-2048x1193.jpg 2048w\" sizes=\"auto, (max-width: 1024px) 100vw, 1024px\" \/><\/figure>\n\n\n\n<p class=\"has-text-align-center\">Hyv\u00e4 vinkkilinkki viikon varustelistaan netiss\u00e4: <a href=\"https:\/\/www.globetrotter.de\/\/assets\/download\/19_partioaitta%20fi_FI\/9601_varustelista-viikon-vaellukselle.pdf\">9601_varustelista-viikon-vaellukselle.pdf<\/a><\/p>\n\n\n\n<p><\/p>\n","protected":false},"excerpt":{"rendered":"<p>Ohjattu vaellus Muotkatunturi Muotka on metka paikka. Ehdottomasti hyv\u00e4 paikka heille, jotka haluavat kokea vaelluksen todellisessa avotunturissa. Muotkalla on koivikkoisia laaksoja, joista vaelluksen aikana saa vesit\u00e4ydennykset. Aina pit\u00e4\u00e4 kuitenkin huomioida, ett\u00e4 onko l\u00e4hd\u00f6ss\u00e4 kuivimpaan kes\u00e4aikaan vaiko kev\u00e4\u00e4ll\u00e4 tai syksyll\u00e4. Pienemm\u00e4t purot ylh\u00e4\u00e4ll\u00e4 tunturissa kuivahtaa kes\u00e4n mittaan, mutta isoimmissa puroissa laaksoissa vett\u00e4 riitt\u00e4\u00e4. Avoin maasto saattaa [&hellip;]<\/p>\n","protected":false},"author":1,"featured_media":0,"parent":0,"menu_order":0,"comment_status":"closed","ping_status":"closed","template":"","meta":{"footnotes":""},"class_list":["post-126","page","type-page","status-publish","czr-hentry"],"yoast_head":"<!-- This site is optimized with the Yoast SEO plugin v27.3 - https:\/\/yoast.com\/product\/yoast-seo-wordpress\/ -->\n<title>Muotkatunturi - Kairanvaellus<\/title>\n<meta name=\"description\" content=\"Ohjattu vaellus Muotkatunturi. Maita, mantuja ja rauhaa. Eritt\u00e4in hyv\u00e4 paikka aloittelijallekin l\u00e4hte\u00e4 mukavan ryhm\u00e4\u00e4n mukaan.\" \/>\n<meta name=\"robots\" content=\"index, follow, max-snippet:-1, max-image-preview:large, max-video-preview:-1\" \/>\n<link rel=\"canonical\" href=\"https:\/\/www.kairanvaellus.fi\/?page_id=126\" \/>\n<meta property=\"og:locale\" content=\"fi_FI\" \/>\n<meta property=\"og:type\" content=\"article\" \/>\n<meta property=\"og:title\" content=\"Muotkatunturi - Kairanvaellus\" \/>\n<meta property=\"og:description\" content=\"Ohjattu vaellus Muotkatunturi. Maita, mantuja ja rauhaa. Eritt\u00e4in hyv\u00e4 paikka aloittelijallekin l\u00e4hte\u00e4 mukavan ryhm\u00e4\u00e4n mukaan.\" \/>\n<meta property=\"og:url\" content=\"https:\/\/www.kairanvaellus.fi\/?page_id=126\" \/>\n<meta property=\"og:site_name\" content=\"Kairanvaellus\" \/>\n<meta property=\"article:modified_time\" content=\"2026-03-21T07:54:22+00:00\" \/>\n<meta property=\"og:image\" content=\"https:\/\/www.kairanvaellus.fi\/wp-content\/uploads\/2024\/12\/20241224_092535.jpg\" \/>\n\t<meta property=\"og:image:width\" content=\"2265\" \/>\n\t<meta property=\"og:image:height\" content=\"1100\" \/>\n\t<meta property=\"og:image:type\" content=\"image\/jpeg\" \/>\n<meta name=\"twitter:card\" content=\"summary_large_image\" \/>\n<meta name=\"twitter:label1\" content=\"Arvioitu lukuaika\" \/>\n\t<meta name=\"twitter:data1\" content=\"3 minuuttia\" \/>\n<script type=\"application\/ld+json\" class=\"yoast-schema-graph\">{\"@context\":\"https:\\\/\\\/schema.org\",\"@graph\":[{\"@type\":\"WebPage\",\"@id\":\"https:\\\/\\\/www.kairanvaellus.fi\\\/?page_id=126\",\"url\":\"https:\\\/\\\/www.kairanvaellus.fi\\\/?page_id=126\",\"name\":\"Muotkatunturi - Kairanvaellus\",\"isPartOf\":{\"@id\":\"https:\\\/\\\/www.kairanvaellus.fi\\\/#website\"},\"primaryImageOfPage\":{\"@id\":\"https:\\\/\\\/www.kairanvaellus.fi\\\/?page_id=126#primaryimage\"},\"image\":{\"@id\":\"https:\\\/\\\/www.kairanvaellus.fi\\\/?page_id=126#primaryimage\"},\"thumbnailUrl\":\"https:\\\/\\\/www.kairanvaellus.fi\\\/wp-content\\\/uploads\\\/2024\\\/12\\\/20241224_092535-1024x497.jpg\",\"datePublished\":\"2024-12-21T08:35:15+00:00\",\"dateModified\":\"2026-03-21T07:54:22+00:00\",\"description\":\"Ohjattu vaellus Muotkatunturi. Maita, mantuja ja rauhaa. Eritt\u00e4in hyv\u00e4 paikka aloittelijallekin l\u00e4hte\u00e4 mukavan ryhm\u00e4\u00e4n mukaan.\",\"breadcrumb\":{\"@id\":\"https:\\\/\\\/www.kairanvaellus.fi\\\/?page_id=126#breadcrumb\"},\"inLanguage\":\"fi\",\"potentialAction\":[{\"@type\":\"ReadAction\",\"target\":[\"https:\\\/\\\/www.kairanvaellus.fi\\\/?page_id=126\"]}]},{\"@type\":\"ImageObject\",\"inLanguage\":\"fi\",\"@id\":\"https:\\\/\\\/www.kairanvaellus.fi\\\/?page_id=126#primaryimage\",\"url\":\"https:\\\/\\\/www.kairanvaellus.fi\\\/wp-content\\\/uploads\\\/2024\\\/12\\\/20241224_092535.jpg\",\"contentUrl\":\"https:\\\/\\\/www.kairanvaellus.fi\\\/wp-content\\\/uploads\\\/2024\\\/12\\\/20241224_092535.jpg\",\"width\":2265,\"height\":1100,\"caption\":\"@?\"},{\"@type\":\"BreadcrumbList\",\"@id\":\"https:\\\/\\\/www.kairanvaellus.fi\\\/?page_id=126#breadcrumb\",\"itemListElement\":[{\"@type\":\"ListItem\",\"position\":1,\"name\":\"Etusivu\",\"item\":\"https:\\\/\\\/www.kairanvaellus.fi\\\/\"},{\"@type\":\"ListItem\",\"position\":2,\"name\":\"Muotkatunturi\"}]},{\"@type\":\"WebSite\",\"@id\":\"https:\\\/\\\/www.kairanvaellus.fi\\\/#website\",\"url\":\"https:\\\/\\\/www.kairanvaellus.fi\\\/\",\"name\":\"Kairanvaellus\",\"description\":\"Opastetut vaellukset Lapin er&auml;mailla ja kansallispuistoissa\",\"alternateName\":\"Kairanvaellus\",\"potentialAction\":[{\"@type\":\"SearchAction\",\"target\":{\"@type\":\"EntryPoint\",\"urlTemplate\":\"https:\\\/\\\/www.kairanvaellus.fi\\\/?s={search_term_string}\"},\"query-input\":{\"@type\":\"PropertyValueSpecification\",\"valueRequired\":true,\"valueName\":\"search_term_string\"}}],\"inLanguage\":\"fi\"}]}<\/script>\n<!-- \/ Yoast SEO plugin. -->","yoast_head_json":{"title":"Muotkatunturi - Kairanvaellus","description":"Ohjattu vaellus Muotkatunturi. Maita, mantuja ja rauhaa. Eritt\u00e4in hyv\u00e4 paikka aloittelijallekin l\u00e4hte\u00e4 mukavan ryhm\u00e4\u00e4n mukaan.","robots":{"index":"index","follow":"follow","max-snippet":"max-snippet:-1","max-image-preview":"max-image-preview:large","max-video-preview":"max-video-preview:-1"},"canonical":"https:\/\/www.kairanvaellus.fi\/?page_id=126","og_locale":"fi_FI","og_type":"article","og_title":"Muotkatunturi - Kairanvaellus","og_description":"Ohjattu vaellus Muotkatunturi. Maita, mantuja ja rauhaa. Eritt\u00e4in hyv\u00e4 paikka aloittelijallekin l\u00e4hte\u00e4 mukavan ryhm\u00e4\u00e4n mukaan.","og_url":"https:\/\/www.kairanvaellus.fi\/?page_id=126","og_site_name":"Kairanvaellus","article_modified_time":"2026-03-21T07:54:22+00:00","og_image":[{"width":2265,"height":1100,"url":"https:\/\/www.kairanvaellus.fi\/wp-content\/uploads\/2024\/12\/20241224_092535.jpg","type":"image\/jpeg"}],"twitter_card":"summary_large_image","twitter_misc":{"Arvioitu lukuaika":"3 minuuttia"},"schema":{"@context":"https:\/\/schema.org","@graph":[{"@type":"WebPage","@id":"https:\/\/www.kairanvaellus.fi\/?page_id=126","url":"https:\/\/www.kairanvaellus.fi\/?page_id=126","name":"Muotkatunturi - Kairanvaellus","isPartOf":{"@id":"https:\/\/www.kairanvaellus.fi\/#website"},"primaryImageOfPage":{"@id":"https:\/\/www.kairanvaellus.fi\/?page_id=126#primaryimage"},"image":{"@id":"https:\/\/www.kairanvaellus.fi\/?page_id=126#primaryimage"},"thumbnailUrl":"https:\/\/www.kairanvaellus.fi\/wp-content\/uploads\/2024\/12\/20241224_092535-1024x497.jpg","datePublished":"2024-12-21T08:35:15+00:00","dateModified":"2026-03-21T07:54:22+00:00","description":"Ohjattu vaellus Muotkatunturi. Maita, mantuja ja rauhaa. Eritt\u00e4in hyv\u00e4 paikka aloittelijallekin l\u00e4hte\u00e4 mukavan ryhm\u00e4\u00e4n mukaan.","breadcrumb":{"@id":"https:\/\/www.kairanvaellus.fi\/?page_id=126#breadcrumb"},"inLanguage":"fi","potentialAction":[{"@type":"ReadAction","target":["https:\/\/www.kairanvaellus.fi\/?page_id=126"]}]},{"@type":"ImageObject","inLanguage":"fi","@id":"https:\/\/www.kairanvaellus.fi\/?page_id=126#primaryimage","url":"https:\/\/www.kairanvaellus.fi\/wp-content\/uploads\/2024\/12\/20241224_092535.jpg","contentUrl":"https:\/\/www.kairanvaellus.fi\/wp-content\/uploads\/2024\/12\/20241224_092535.jpg","width":2265,"height":1100,"caption":"@?"},{"@type":"BreadcrumbList","@id":"https:\/\/www.kairanvaellus.fi\/?page_id=126#breadcrumb","itemListElement":[{"@type":"ListItem","position":1,"name":"Etusivu","item":"https:\/\/www.kairanvaellus.fi\/"},{"@type":"ListItem","position":2,"name":"Muotkatunturi"}]},{"@type":"WebSite","@id":"https:\/\/www.kairanvaellus.fi\/#website","url":"https:\/\/www.kairanvaellus.fi\/","name":"Kairanvaellus","description":"Opastetut vaellukset Lapin er&auml;mailla ja kansallispuistoissa","alternateName":"Kairanvaellus","potentialAction":[{"@type":"SearchAction","target":{"@type":"EntryPoint","urlTemplate":"https:\/\/www.kairanvaellus.fi\/?s={search_term_string}"},"query-input":{"@type":"PropertyValueSpecification","valueRequired":true,"valueName":"search_term_string"}}],"inLanguage":"fi"}]}},"_links":{"self":[{"href":"https:\/\/www.kairanvaellus.fi\/index.php?rest_route=\/wp\/v2\/pages\/126","targetHints":{"allow":["GET"]}}],"collection":[{"href":"https:\/\/www.kairanvaellus.fi\/index.php?rest_route=\/wp\/v2\/pages"}],"about":[{"href":"https:\/\/www.kairanvaellus.fi\/index.php?rest_route=\/wp\/v2\/types\/page"}],"author":[{"embeddable":true,"href":"https:\/\/www.kairanvaellus.fi\/index.php?rest_route=\/wp\/v2\/users\/1"}],"replies":[{"embeddable":true,"href":"https:\/\/www.kairanvaellus.fi\/index.php?rest_route=%2Fwp%2Fv2%2Fcomments&post=126"}],"version-history":[{"count":26,"href":"https:\/\/www.kairanvaellus.fi\/index.php?rest_route=\/wp\/v2\/pages\/126\/revisions"}],"predecessor-version":[{"id":791,"href":"https:\/\/www.kairanvaellus.fi\/index.php?rest_route=\/wp\/v2\/pages\/126\/revisions\/791"}],"wp:attachment":[{"href":"https:\/\/www.kairanvaellus.fi\/index.php?rest_route=%2Fwp%2Fv2%2Fmedia&parent=126"}],"curies":[{"name":"wp","href":"https:\/\/api.w.org\/{rel}","templated":true}]}}