{"id":277,"date":"2026-01-21T09:03:04","date_gmt":"2026-01-21T09:03:04","guid":{"rendered":"https:\/\/www.kairanvaellus.fi\/?page_id=277"},"modified":"2026-03-01T08:01:58","modified_gmt":"2026-03-01T08:01:58","slug":"opastettu-vaellus-paistunturi-patikointi-lappi","status":"publish","type":"page","link":"https:\/\/www.kairanvaellus.fi\/?page_id=277","title":{"rendered":"Opastettu vaellus Paistunturissa"},"content":{"rendered":"\n<p class=\"has-text-align-center\">Opastettu vaellus Paistunturissa tarjoaa rauhaa ja se kannattaa l\u00e4hte\u00e4 kokemaan. Paistunturin vaelluksella p\u00e4rj\u00e4\u00e4 pienemm\u00e4ll\u00e4kin kokemuksella, kunhan varusteiden k\u00e4ytt\u00f6 on sinulla hallussa. Paistunturin vaellusta kuvaa se, ett\u00e4 k\u00e4yt\u00f6ss\u00e4 ei ole tupaverkostoa, vaan olemme todella kahden luonnon kanssa. Eli toivottavasti sinulla on intoa l\u00e4hte\u00e4 pois polulta. Paistunturi on avonaista maastoa, joten saamme nauttia avarasta maisemasta mielin m\u00e4\u00e4rin. Teltta toimii t\u00e4\u00e4ll\u00e4 parhaana majoitteena. Opastettu vaellus alkaa siit\u00e4, kun ilmoittaudut mukaan.<\/p>\n\n\n\n<p class=\"has-text-align-center\">Paistunturi vaelluksen ajankohta: 30.8.-4.9.2026 (6 pv)<\/p>\n\n\n\n<p class=\"has-text-align-center\">Hinta: 465 \u20ac (sis. alv)<\/p>\n\n\n\n<h1 class=\"wp-block-heading has-text-align-center\">Poluttomalle Paistunturille<\/h1>\n\n\n\n<figure class=\"wp-block-image size-large is-style-rounded\"><img loading=\"lazy\" decoding=\"async\" width=\"1024\" height=\"461\" src=\"https:\/\/www.kairanvaellus.fi\/wp-content\/uploads\/2026\/01\/Paistuntu-1024x461.jpg\" alt=\"Opastettu vaellus Paistuntunturissa. Tunturiyl\u00e4nk\u00f6\u00e4 ja luonnon rauhaa.\" class=\"wp-image-307\" srcset=\"https:\/\/www.kairanvaellus.fi\/wp-content\/uploads\/2026\/01\/Paistuntu-1024x461.jpg 1024w, https:\/\/www.kairanvaellus.fi\/wp-content\/uploads\/2026\/01\/Paistuntu-300x135.jpg 300w, https:\/\/www.kairanvaellus.fi\/wp-content\/uploads\/2026\/01\/Paistuntu-768x346.jpg 768w, https:\/\/www.kairanvaellus.fi\/wp-content\/uploads\/2026\/01\/Paistuntu-1536x691.jpg 1536w, https:\/\/www.kairanvaellus.fi\/wp-content\/uploads\/2026\/01\/Paistuntu-1110x500.jpg 1110w, https:\/\/www.kairanvaellus.fi\/wp-content\/uploads\/2026\/01\/Paistuntu.jpg 2000w\" sizes=\"auto, (max-width: 1024px) 100vw, 1024px\" \/><\/figure>\n\n\n\n<p class=\"has-text-align-center\">P\u00e4iv\u00e4matkat tulevat olemaan maltillisia ja aikaa maisemasta nauttimeseen on runsaasti. K\u00e4ymme huiputtamassa G\u00e1immoaivin  ja poikkeamme my\u00f6s Kuivin huipulla. N\u00e4iden kahden komean paikan huiputukset on my\u00f6s mahdollista j\u00e4tt\u00e4\u00e4 v\u00e4liin ja j\u00e4\u00e4d\u00e4 vaikka leiriin lep\u00e4ilem\u00e4\u00e4n. <\/p>\n\n\n\n<figure class=\"wp-block-image size-large is-style-rounded\"><img loading=\"lazy\" decoding=\"async\" width=\"1024\" height=\"461\" src=\"https:\/\/www.kairanvaellus.fi\/wp-content\/uploads\/2026\/01\/Kuva-Paistunturi-1024x461.jpg\" alt=\"Opastetulla vaelluksella leiriydyt\u00e4\u00e4n kuvankauniissa paikoissa.\" class=\"wp-image-281\" srcset=\"https:\/\/www.kairanvaellus.fi\/wp-content\/uploads\/2026\/01\/Kuva-Paistunturi-1024x461.jpg 1024w, https:\/\/www.kairanvaellus.fi\/wp-content\/uploads\/2026\/01\/Kuva-Paistunturi-300x135.jpg 300w, https:\/\/www.kairanvaellus.fi\/wp-content\/uploads\/2026\/01\/Kuva-Paistunturi-768x346.jpg 768w, https:\/\/www.kairanvaellus.fi\/wp-content\/uploads\/2026\/01\/Kuva-Paistunturi-1536x691.jpg 1536w, https:\/\/www.kairanvaellus.fi\/wp-content\/uploads\/2026\/01\/Kuva-Paistunturi-1110x500.jpg 1110w, https:\/\/www.kairanvaellus.fi\/wp-content\/uploads\/2026\/01\/Kuva-Paistunturi.jpg 2000w\" sizes=\"auto, (max-width: 1024px) 100vw, 1024px\" \/><\/figure>\n\n\n\n<p class=\"has-text-align-center\">Lue t\u00e4st\u00e4 <strong><a href=\"https:\/\/www.kairanvaellus.fi\/?page_id=160\" data-type=\"page\" data-id=\"160\">matkaehdot<\/a><\/strong> ennen ilmoittautumista. Sen j\u00e4lkeen ilmoittaudu s\u00e4hk\u00f6postilla <a href=\"mailto:kairanvaellus@gmail.com\">kairanvaellus@gmail.com<\/a>. Kerro viestiss\u00e4 mille vaellukselle haluat mukaan ja hieman omista kokemuksistasi.<\/p>\n\n\n\n<p class=\"has-text-align-center has-medium-font-size\">Teams-tapaaminen pidet\u00e4\u00e4n muutama viikko ennen vaellusta, jonka j\u00e4lkeen perustetaan yhteinen wa-ryhm\u00e4. Min. 4 osallistujaa.<\/p>\n\n\n\n<h2 class=\"wp-block-heading has-text-align-center has-large-font-size\">Paistunturi lyhyesti<\/h2>\n\n\n\n<p class=\"has-text-align-center\">Paistunturin opastettu vaellus suuntaa t\u00e4ll\u00e4 kertaa paikkaan, joka rajautuu D\u00e1lvadas, G\u00e1immoaivi, Guivi, Stuora-M\u00e1vnna -alueelle.<\/p>\n\n\n\n<p class=\"has-text-align-center\">Paistunturin er\u00e4maassa tunturiyl\u00e4nk\u00f6 on avonaista pajakkaa. Siell\u00e4 t\u00e4\u00e4ll\u00e4 kosteimmilla kohdilla saattaa kasvaa harvaa koivikkoa. Hieman et\u00e4\u00e4mm\u00e4lt\u00e4 katsoen harva koivikko n\u00e4ytt\u00e4\u00e4 melkein savannilta. Vaelluskohteemme suurin joki on Nilijoki, jonka lis\u00e4ksi matkalle osuu useampia pienempi\u00e4 ja isompia puroja. Aivan puutonta aluetta vaelluskohteemme ei ole, sill\u00e4 useammassa jokilaaksossa kasvaa rinteiss\u00e4 vehmaat koivikot.<br><\/p>\n\n\n\n<p class=\"has-text-align-center\">T\u00e4m\u00e4n linkin kautta p\u00e4\u00e4set Luontoon.fi sivulle tutustumaan Paistunturiin <a href=\"https:\/\/www.luontoon.fi\/fi\/kohteet\/paistunturin-eramaa\">Paistunturin er\u00e4maa &#8211; Luontoon<\/a><\/p>\n\n\n\n<h3 class=\"wp-block-heading has-text-align-center\" style=\"font-size:25px\">Opastettu vaellus reittihahmotelma<\/h3>\n\n\n\n<p class=\"has-text-align-center\">Liikkeelle l\u00e4hdemme D\u00e1lvadaksesta. Otamme suunnan kohti G\u00e1immoaivia ja riippuen hieman l\u00e4hd\u00f6n ajankohdasta, niin menemm\u00e4 joko Nilijoen viert\u00e4 pohjoispuolella tai sitten Niibev\u00e1rrin kautta. Toisena vaellusp\u00e4iv\u00e4n\u00e4 k\u00e4ymme kuitenkin huiputtamassa G\u00e1immoaivin. <\/p>\n\n\n\n<p class=\"has-text-align-center\">G\u00e1immoaivilta matkamme jatkuu Nilijoen yl\u00e4juoksun suuntaan. Duottar-\u00c1ittav\u00e1rrin kohdalla teemme uutta reittivalintaa kohti Guivin l\u00e4hist\u00f6\u00e4. Emme kuitenkaan mene Kevon luonnonsuojelualueen puolelle. Nelj\u00e4nten\u00e4 p\u00e4iv\u00e4n\u00e4 k\u00e4ymme huiputtamassa Guivin. Guivin huipulle menemme merkitty\u00e4 reitti\u00e4 pitkin, koska Guivi on Kevon luonnonsuojelualueella. <\/p>\n\n\n\n<p class=\"has-text-align-center\">Guivin huiputuksen j\u00e4lkeen j\u00e4\u00e4mme pit\u00e4m\u00e4\u00e4n leiri\u00e4 Leak\u0161agoahtin laaksoon. Leirist\u00e4 l\u00e4hdemme kohti autoja, kahden p\u00e4iv\u00e4n paluumatkalle. Kuljemme R\u00e1\u0161\u0161oaivin vierest\u00e4 kohti Duottar- ja Stuorra-M\u00e1vnnaa ja leiriydymme M\u00e1vnna\u00e1vzin laaksossa. Viimeisest\u00e4 leirist\u00e4 ei olekaan en\u00e4\u00e4 pitk\u00e4 matka takaisin autoille.<\/p>\n\n\n\n<p class=\"has-text-align-center\">Suunnitelma on alustava ja oikeudet reitin muuttamiseen ja vaelluksen kestoon pid\u00e4tet\u00e4\u00e4n.<\/p>\n\n\n\n<p class=\"has-text-align-center\">Emme laske tai tavoittele kilometrim\u00e4\u00e4ri\u00e4, vaan menemme aina sen mink\u00e4 menemme, vaikka jokaiselle p\u00e4iv\u00e4lle on suunnniteltu jokin mukava ja mahdollisimman kaunis leiripaikka. Valittesavat keliolosuhteet tieten saattaa laittaa meid\u00e4t muuttamaan suunnitelmaan.<\/p>\n\n\n\n<p class=\"has-text-align-center\"><strong>J\u00e4ik\u00f6 jokin mietitytt\u00e4m\u00e4\u00e4n? Ole yhteydess\u00e4 matalalla kynnyksell\u00e4: <a href=\"mailto:kairanvaellus@gmail.com\">kairanvaellus@gmail.com<\/a><\/strong><\/p>\n\n\n\n<p><\/p>\n","protected":false},"excerpt":{"rendered":"<p>Opastettu vaellus Paistunturissa tarjoaa rauhaa ja se kannattaa l\u00e4hte\u00e4 kokemaan. Paistunturin vaelluksella p\u00e4rj\u00e4\u00e4 pienemm\u00e4ll\u00e4kin kokemuksella, kunhan varusteiden k\u00e4ytt\u00f6 on sinulla hallussa. Paistunturin vaellusta kuvaa se, ett\u00e4 k\u00e4yt\u00f6ss\u00e4 ei ole tupaverkostoa, vaan olemme todella kahden luonnon kanssa. Eli toivottavasti sinulla on intoa l\u00e4hte\u00e4 pois polulta. Paistunturi on avonaista maastoa, joten saamme nauttia avarasta maisemasta mielin m\u00e4\u00e4rin. [&hellip;]<\/p>\n","protected":false},"author":1,"featured_media":0,"parent":0,"menu_order":0,"comment_status":"closed","ping_status":"closed","template":"","meta":{"footnotes":""},"class_list":["post-277","page","type-page","status-publish","czr-hentry"],"yoast_head":"<!-- This site is optimized with the Yoast SEO plugin v27.3 - https:\/\/yoast.com\/product\/yoast-seo-wordpress\/ -->\n<title>Opastettu vaellus Paistunturissa - Kairanvaellus<\/title>\n<meta name=\"description\" content=\"Opastettu vaellus Paistunturissa syksyll\u00e4 2026. L\u00e4hde kokemaan avotunturin avaruus osaavaan oppaan mukaan kokemaan Paistunturin rauha.\" \/>\n<meta name=\"robots\" content=\"index, follow, max-snippet:-1, max-image-preview:large, max-video-preview:-1\" \/>\n<link rel=\"canonical\" href=\"https:\/\/www.kairanvaellus.fi\/?page_id=277\" \/>\n<meta property=\"og:locale\" content=\"fi_FI\" \/>\n<meta property=\"og:type\" content=\"article\" \/>\n<meta property=\"og:title\" content=\"Opastettu vaellus Paistunturissa - Kairanvaellus\" \/>\n<meta property=\"og:description\" content=\"Opastettu vaellus Paistunturissa syksyll\u00e4 2026. L\u00e4hde kokemaan avotunturin avaruus osaavaan oppaan mukaan kokemaan Paistunturin rauha.\" \/>\n<meta property=\"og:url\" content=\"https:\/\/www.kairanvaellus.fi\/?page_id=277\" \/>\n<meta property=\"og:site_name\" content=\"Kairanvaellus\" \/>\n<meta property=\"article:modified_time\" content=\"2026-03-01T08:01:58+00:00\" \/>\n<meta property=\"og:image\" content=\"https:\/\/www.kairanvaellus.fi\/wp-content\/uploads\/2026\/01\/Paistuntu.jpg\" \/>\n\t<meta property=\"og:image:width\" content=\"2000\" \/>\n\t<meta property=\"og:image:height\" content=\"900\" \/>\n\t<meta property=\"og:image:type\" content=\"image\/jpeg\" \/>\n<meta name=\"twitter:card\" content=\"summary_large_image\" \/>\n<meta name=\"twitter:label1\" content=\"Arvioitu lukuaika\" \/>\n\t<meta name=\"twitter:data1\" content=\"3 minuuttia\" \/>\n<script type=\"application\/ld+json\" class=\"yoast-schema-graph\">{\"@context\":\"https:\\\/\\\/schema.org\",\"@graph\":[{\"@type\":\"WebPage\",\"@id\":\"https:\\\/\\\/www.kairanvaellus.fi\\\/?page_id=277\",\"url\":\"https:\\\/\\\/www.kairanvaellus.fi\\\/?page_id=277\",\"name\":\"Opastettu vaellus Paistunturissa - Kairanvaellus\",\"isPartOf\":{\"@id\":\"https:\\\/\\\/www.kairanvaellus.fi\\\/#website\"},\"primaryImageOfPage\":{\"@id\":\"https:\\\/\\\/www.kairanvaellus.fi\\\/?page_id=277#primaryimage\"},\"image\":{\"@id\":\"https:\\\/\\\/www.kairanvaellus.fi\\\/?page_id=277#primaryimage\"},\"thumbnailUrl\":\"https:\\\/\\\/www.kairanvaellus.fi\\\/wp-content\\\/uploads\\\/2026\\\/01\\\/Paistuntu-1024x461.jpg\",\"datePublished\":\"2026-01-21T09:03:04+00:00\",\"dateModified\":\"2026-03-01T08:01:58+00:00\",\"description\":\"Opastettu vaellus Paistunturissa syksyll\u00e4 2026. L\u00e4hde kokemaan avotunturin avaruus osaavaan oppaan mukaan kokemaan Paistunturin rauha.\",\"breadcrumb\":{\"@id\":\"https:\\\/\\\/www.kairanvaellus.fi\\\/?page_id=277#breadcrumb\"},\"inLanguage\":\"fi\",\"potentialAction\":[{\"@type\":\"ReadAction\",\"target\":[\"https:\\\/\\\/www.kairanvaellus.fi\\\/?page_id=277\"]}]},{\"@type\":\"ImageObject\",\"inLanguage\":\"fi\",\"@id\":\"https:\\\/\\\/www.kairanvaellus.fi\\\/?page_id=277#primaryimage\",\"url\":\"https:\\\/\\\/www.kairanvaellus.fi\\\/wp-content\\\/uploads\\\/2026\\\/01\\\/Paistuntu.jpg\",\"contentUrl\":\"https:\\\/\\\/www.kairanvaellus.fi\\\/wp-content\\\/uploads\\\/2026\\\/01\\\/Paistuntu.jpg\",\"width\":2000,\"height\":900},{\"@type\":\"BreadcrumbList\",\"@id\":\"https:\\\/\\\/www.kairanvaellus.fi\\\/?page_id=277#breadcrumb\",\"itemListElement\":[{\"@type\":\"ListItem\",\"position\":1,\"name\":\"Etusivu\",\"item\":\"https:\\\/\\\/www.kairanvaellus.fi\\\/\"},{\"@type\":\"ListItem\",\"position\":2,\"name\":\"Opastettu vaellus Paistunturissa\"}]},{\"@type\":\"WebSite\",\"@id\":\"https:\\\/\\\/www.kairanvaellus.fi\\\/#website\",\"url\":\"https:\\\/\\\/www.kairanvaellus.fi\\\/\",\"name\":\"Kairanvaellus\",\"description\":\"Opastetut vaellukset Lapin er&auml;mailla ja kansallispuistoissa\",\"alternateName\":\"Kairanvaellus\",\"potentialAction\":[{\"@type\":\"SearchAction\",\"target\":{\"@type\":\"EntryPoint\",\"urlTemplate\":\"https:\\\/\\\/www.kairanvaellus.fi\\\/?s={search_term_string}\"},\"query-input\":{\"@type\":\"PropertyValueSpecification\",\"valueRequired\":true,\"valueName\":\"search_term_string\"}}],\"inLanguage\":\"fi\"}]}<\/script>\n<!-- \/ Yoast SEO plugin. -->","yoast_head_json":{"title":"Opastettu vaellus Paistunturissa - Kairanvaellus","description":"Opastettu vaellus Paistunturissa syksyll\u00e4 2026. L\u00e4hde kokemaan avotunturin avaruus osaavaan oppaan mukaan kokemaan Paistunturin rauha.","robots":{"index":"index","follow":"follow","max-snippet":"max-snippet:-1","max-image-preview":"max-image-preview:large","max-video-preview":"max-video-preview:-1"},"canonical":"https:\/\/www.kairanvaellus.fi\/?page_id=277","og_locale":"fi_FI","og_type":"article","og_title":"Opastettu vaellus Paistunturissa - Kairanvaellus","og_description":"Opastettu vaellus Paistunturissa syksyll\u00e4 2026. L\u00e4hde kokemaan avotunturin avaruus osaavaan oppaan mukaan kokemaan Paistunturin rauha.","og_url":"https:\/\/www.kairanvaellus.fi\/?page_id=277","og_site_name":"Kairanvaellus","article_modified_time":"2026-03-01T08:01:58+00:00","og_image":[{"width":2000,"height":900,"url":"https:\/\/www.kairanvaellus.fi\/wp-content\/uploads\/2026\/01\/Paistuntu.jpg","type":"image\/jpeg"}],"twitter_card":"summary_large_image","twitter_misc":{"Arvioitu lukuaika":"3 minuuttia"},"schema":{"@context":"https:\/\/schema.org","@graph":[{"@type":"WebPage","@id":"https:\/\/www.kairanvaellus.fi\/?page_id=277","url":"https:\/\/www.kairanvaellus.fi\/?page_id=277","name":"Opastettu vaellus Paistunturissa - Kairanvaellus","isPartOf":{"@id":"https:\/\/www.kairanvaellus.fi\/#website"},"primaryImageOfPage":{"@id":"https:\/\/www.kairanvaellus.fi\/?page_id=277#primaryimage"},"image":{"@id":"https:\/\/www.kairanvaellus.fi\/?page_id=277#primaryimage"},"thumbnailUrl":"https:\/\/www.kairanvaellus.fi\/wp-content\/uploads\/2026\/01\/Paistuntu-1024x461.jpg","datePublished":"2026-01-21T09:03:04+00:00","dateModified":"2026-03-01T08:01:58+00:00","description":"Opastettu vaellus Paistunturissa syksyll\u00e4 2026. L\u00e4hde kokemaan avotunturin avaruus osaavaan oppaan mukaan kokemaan Paistunturin rauha.","breadcrumb":{"@id":"https:\/\/www.kairanvaellus.fi\/?page_id=277#breadcrumb"},"inLanguage":"fi","potentialAction":[{"@type":"ReadAction","target":["https:\/\/www.kairanvaellus.fi\/?page_id=277"]}]},{"@type":"ImageObject","inLanguage":"fi","@id":"https:\/\/www.kairanvaellus.fi\/?page_id=277#primaryimage","url":"https:\/\/www.kairanvaellus.fi\/wp-content\/uploads\/2026\/01\/Paistuntu.jpg","contentUrl":"https:\/\/www.kairanvaellus.fi\/wp-content\/uploads\/2026\/01\/Paistuntu.jpg","width":2000,"height":900},{"@type":"BreadcrumbList","@id":"https:\/\/www.kairanvaellus.fi\/?page_id=277#breadcrumb","itemListElement":[{"@type":"ListItem","position":1,"name":"Etusivu","item":"https:\/\/www.kairanvaellus.fi\/"},{"@type":"ListItem","position":2,"name":"Opastettu vaellus Paistunturissa"}]},{"@type":"WebSite","@id":"https:\/\/www.kairanvaellus.fi\/#website","url":"https:\/\/www.kairanvaellus.fi\/","name":"Kairanvaellus","description":"Opastetut vaellukset Lapin er&auml;mailla ja kansallispuistoissa","alternateName":"Kairanvaellus","potentialAction":[{"@type":"SearchAction","target":{"@type":"EntryPoint","urlTemplate":"https:\/\/www.kairanvaellus.fi\/?s={search_term_string}"},"query-input":{"@type":"PropertyValueSpecification","valueRequired":true,"valueName":"search_term_string"}}],"inLanguage":"fi"}]}},"_links":{"self":[{"href":"https:\/\/www.kairanvaellus.fi\/index.php?rest_route=\/wp\/v2\/pages\/277","targetHints":{"allow":["GET"]}}],"collection":[{"href":"https:\/\/www.kairanvaellus.fi\/index.php?rest_route=\/wp\/v2\/pages"}],"about":[{"href":"https:\/\/www.kairanvaellus.fi\/index.php?rest_route=\/wp\/v2\/types\/page"}],"author":[{"embeddable":true,"href":"https:\/\/www.kairanvaellus.fi\/index.php?rest_route=\/wp\/v2\/users\/1"}],"replies":[{"embeddable":true,"href":"https:\/\/www.kairanvaellus.fi\/index.php?rest_route=%2Fwp%2Fv2%2Fcomments&post=277"}],"version-history":[{"count":57,"href":"https:\/\/www.kairanvaellus.fi\/index.php?rest_route=\/wp\/v2\/pages\/277\/revisions"}],"predecessor-version":[{"id":739,"href":"https:\/\/www.kairanvaellus.fi\/index.php?rest_route=\/wp\/v2\/pages\/277\/revisions\/739"}],"wp:attachment":[{"href":"https:\/\/www.kairanvaellus.fi\/index.php?rest_route=%2Fwp%2Fv2%2Fmedia&parent=277"}],"curies":[{"name":"wp","href":"https:\/\/api.w.org\/{rel}","templated":true}]}}