{"id":490,"date":"2026-02-17T18:41:28","date_gmt":"2026-02-17T18:41:28","guid":{"rendered":"https:\/\/www.kairanvaellus.fi\/?page_id=490"},"modified":"2026-03-24T12:21:38","modified_gmt":"2026-03-24T12:21:38","slug":"opastettu-vaellus-varusteet","status":"publish","type":"page","link":"https:\/\/www.kairanvaellus.fi\/?page_id=490","title":{"rendered":"Lainattavat varusteet"},"content":{"rendered":"\n<p class=\"has-text-align-left\" style=\"font-size:19px\">Kaikkea ei tarvitse l\u00f6yty\u00e4 omasta hyllyst\u00e4, tai kokeillaksesi jotain uutta, voi vaellukselle vuokrata seuraavia varusteita. Varusteita vuokrataan vain opastetulle vaellukselle osallistuville.<\/p>\n\n\n\n<p class=\"has-medium-font-size\">Trangia\u00a0Myrskykeitin 25-6 UL\/GB, Kahvipannu 0,9L: 25 \u20ac\/vaellus<\/p>\n\n\n\n<p class=\"has-medium-font-size\">Jetboil\u00a0Zip 0,8L tai vastaava: 20 \u20ac\/vaellus<\/p>\n\n\n\n<p class=\"has-medium-font-size\">Ilmat\u00e4ytteinen alusta, pumppupussi + ohut solumuovialusta: 20 \u20ac \/ vaellus<\/p>\n\n\n\n<p class=\"has-medium-font-size\">2 hengen tunneliteltat: 50 \u20ac \/ vaellus<\/p>\n\n\n\n<p>Vuokraaja vastaa vuokratun varusteen kunnosta. Tuotteet kuluvat k\u00e4yt\u00f6ss\u00e4, eik\u00e4 pienist\u00e4 jutuista niin v\u00e4litet\u00e4, mutta k\u00e4ytt\u00e4j\u00e4n huolimattomasta ja varomattomasta k\u00e4yt\u00f6st\u00e4 aiheutuneet korjauskulut veloitetaan.<\/p>\n","protected":false},"excerpt":{"rendered":"<p>Kaikkea ei tarvitse l\u00f6yty\u00e4 omasta hyllyst\u00e4, tai kokeillaksesi jotain uutta, voi vaellukselle vuokrata seuraavia varusteita. Varusteita vuokrataan vain opastetulle vaellukselle osallistuville. Trangia\u00a0Myrskykeitin 25-6 UL\/GB, Kahvipannu 0,9L: 25 \u20ac\/vaellus Jetboil\u00a0Zip 0,8L tai vastaava: 20 \u20ac\/vaellus Ilmat\u00e4ytteinen alusta, pumppupussi + ohut solumuovialusta: 20 \u20ac \/ vaellus 2 hengen tunneliteltat: 50 \u20ac \/ vaellus Vuokraaja vastaa vuokratun varusteen [&hellip;]<\/p>\n","protected":false},"author":1,"featured_media":0,"parent":0,"menu_order":0,"comment_status":"closed","ping_status":"closed","template":"","meta":{"footnotes":""},"class_list":["post-490","page","type-page","status-publish","czr-hentry"],"yoast_head":"<!-- This site is optimized with the Yoast SEO plugin v27.3 - https:\/\/yoast.com\/product\/yoast-seo-wordpress\/ -->\n<title>Lainattavat varusteet - Kairanvaellus<\/title>\n<meta name=\"description\" content=\"Opastetulle vaellukselle varusteita voi my\u00f6s lainata. Itsell\u00e4si voi olla varusteet, mutta lainaaminen kokeiltavaksi on hyv\u00e4 vaihtoehto.\" \/>\n<meta name=\"robots\" content=\"index, follow, max-snippet:-1, max-image-preview:large, max-video-preview:-1\" \/>\n<link rel=\"canonical\" href=\"https:\/\/www.kairanvaellus.fi\/?page_id=490\" \/>\n<meta property=\"og:locale\" content=\"fi_FI\" \/>\n<meta property=\"og:type\" content=\"article\" \/>\n<meta property=\"og:title\" content=\"Lainattavat varusteet - Kairanvaellus\" \/>\n<meta property=\"og:description\" content=\"Opastetulle vaellukselle varusteita voi my\u00f6s lainata. Itsell\u00e4si voi olla varusteet, mutta lainaaminen kokeiltavaksi on hyv\u00e4 vaihtoehto.\" \/>\n<meta property=\"og:url\" content=\"https:\/\/www.kairanvaellus.fi\/?page_id=490\" \/>\n<meta property=\"og:site_name\" content=\"Kairanvaellus\" \/>\n<meta property=\"article:modified_time\" content=\"2026-03-24T12:21:38+00:00\" \/>\n<meta name=\"twitter:card\" content=\"summary_large_image\" \/>\n<meta name=\"twitter:label1\" content=\"Arvioitu lukuaika\" \/>\n\t<meta name=\"twitter:data1\" content=\"1 minuutti\" \/>\n<script type=\"application\/ld+json\" class=\"yoast-schema-graph\">{\"@context\":\"https:\\\/\\\/schema.org\",\"@graph\":[{\"@type\":\"WebPage\",\"@id\":\"https:\\\/\\\/www.kairanvaellus.fi\\\/?page_id=490\",\"url\":\"https:\\\/\\\/www.kairanvaellus.fi\\\/?page_id=490\",\"name\":\"Lainattavat varusteet - Kairanvaellus\",\"isPartOf\":{\"@id\":\"https:\\\/\\\/www.kairanvaellus.fi\\\/#website\"},\"datePublished\":\"2026-02-17T18:41:28+00:00\",\"dateModified\":\"2026-03-24T12:21:38+00:00\",\"description\":\"Opastetulle vaellukselle varusteita voi my\u00f6s lainata. Itsell\u00e4si voi olla varusteet, mutta lainaaminen kokeiltavaksi on hyv\u00e4 vaihtoehto.\",\"breadcrumb\":{\"@id\":\"https:\\\/\\\/www.kairanvaellus.fi\\\/?page_id=490#breadcrumb\"},\"inLanguage\":\"fi\",\"potentialAction\":[{\"@type\":\"ReadAction\",\"target\":[\"https:\\\/\\\/www.kairanvaellus.fi\\\/?page_id=490\"]}]},{\"@type\":\"BreadcrumbList\",\"@id\":\"https:\\\/\\\/www.kairanvaellus.fi\\\/?page_id=490#breadcrumb\",\"itemListElement\":[{\"@type\":\"ListItem\",\"position\":1,\"name\":\"Etusivu\",\"item\":\"https:\\\/\\\/www.kairanvaellus.fi\\\/\"},{\"@type\":\"ListItem\",\"position\":2,\"name\":\"Lainattavat varusteet\"}]},{\"@type\":\"WebSite\",\"@id\":\"https:\\\/\\\/www.kairanvaellus.fi\\\/#website\",\"url\":\"https:\\\/\\\/www.kairanvaellus.fi\\\/\",\"name\":\"Kairanvaellus\",\"description\":\"Opastetut vaellukset Lapin er&auml;mailla ja kansallispuistoissa\",\"alternateName\":\"Kairanvaellus\",\"potentialAction\":[{\"@type\":\"SearchAction\",\"target\":{\"@type\":\"EntryPoint\",\"urlTemplate\":\"https:\\\/\\\/www.kairanvaellus.fi\\\/?s={search_term_string}\"},\"query-input\":{\"@type\":\"PropertyValueSpecification\",\"valueRequired\":true,\"valueName\":\"search_term_string\"}}],\"inLanguage\":\"fi\"}]}<\/script>\n<!-- \/ Yoast SEO plugin. -->","yoast_head_json":{"title":"Lainattavat varusteet - Kairanvaellus","description":"Opastetulle vaellukselle varusteita voi my\u00f6s lainata. Itsell\u00e4si voi olla varusteet, mutta lainaaminen kokeiltavaksi on hyv\u00e4 vaihtoehto.","robots":{"index":"index","follow":"follow","max-snippet":"max-snippet:-1","max-image-preview":"max-image-preview:large","max-video-preview":"max-video-preview:-1"},"canonical":"https:\/\/www.kairanvaellus.fi\/?page_id=490","og_locale":"fi_FI","og_type":"article","og_title":"Lainattavat varusteet - Kairanvaellus","og_description":"Opastetulle vaellukselle varusteita voi my\u00f6s lainata. Itsell\u00e4si voi olla varusteet, mutta lainaaminen kokeiltavaksi on hyv\u00e4 vaihtoehto.","og_url":"https:\/\/www.kairanvaellus.fi\/?page_id=490","og_site_name":"Kairanvaellus","article_modified_time":"2026-03-24T12:21:38+00:00","twitter_card":"summary_large_image","twitter_misc":{"Arvioitu lukuaika":"1 minuutti"},"schema":{"@context":"https:\/\/schema.org","@graph":[{"@type":"WebPage","@id":"https:\/\/www.kairanvaellus.fi\/?page_id=490","url":"https:\/\/www.kairanvaellus.fi\/?page_id=490","name":"Lainattavat varusteet - Kairanvaellus","isPartOf":{"@id":"https:\/\/www.kairanvaellus.fi\/#website"},"datePublished":"2026-02-17T18:41:28+00:00","dateModified":"2026-03-24T12:21:38+00:00","description":"Opastetulle vaellukselle varusteita voi my\u00f6s lainata. Itsell\u00e4si voi olla varusteet, mutta lainaaminen kokeiltavaksi on hyv\u00e4 vaihtoehto.","breadcrumb":{"@id":"https:\/\/www.kairanvaellus.fi\/?page_id=490#breadcrumb"},"inLanguage":"fi","potentialAction":[{"@type":"ReadAction","target":["https:\/\/www.kairanvaellus.fi\/?page_id=490"]}]},{"@type":"BreadcrumbList","@id":"https:\/\/www.kairanvaellus.fi\/?page_id=490#breadcrumb","itemListElement":[{"@type":"ListItem","position":1,"name":"Etusivu","item":"https:\/\/www.kairanvaellus.fi\/"},{"@type":"ListItem","position":2,"name":"Lainattavat varusteet"}]},{"@type":"WebSite","@id":"https:\/\/www.kairanvaellus.fi\/#website","url":"https:\/\/www.kairanvaellus.fi\/","name":"Kairanvaellus","description":"Opastetut vaellukset Lapin er&auml;mailla ja kansallispuistoissa","alternateName":"Kairanvaellus","potentialAction":[{"@type":"SearchAction","target":{"@type":"EntryPoint","urlTemplate":"https:\/\/www.kairanvaellus.fi\/?s={search_term_string}"},"query-input":{"@type":"PropertyValueSpecification","valueRequired":true,"valueName":"search_term_string"}}],"inLanguage":"fi"}]}},"_links":{"self":[{"href":"https:\/\/www.kairanvaellus.fi\/index.php?rest_route=\/wp\/v2\/pages\/490","targetHints":{"allow":["GET"]}}],"collection":[{"href":"https:\/\/www.kairanvaellus.fi\/index.php?rest_route=\/wp\/v2\/pages"}],"about":[{"href":"https:\/\/www.kairanvaellus.fi\/index.php?rest_route=\/wp\/v2\/types\/page"}],"author":[{"embeddable":true,"href":"https:\/\/www.kairanvaellus.fi\/index.php?rest_route=\/wp\/v2\/users\/1"}],"replies":[{"embeddable":true,"href":"https:\/\/www.kairanvaellus.fi\/index.php?rest_route=%2Fwp%2Fv2%2Fcomments&post=490"}],"version-history":[{"count":6,"href":"https:\/\/www.kairanvaellus.fi\/index.php?rest_route=\/wp\/v2\/pages\/490\/revisions"}],"predecessor-version":[{"id":496,"href":"https:\/\/www.kairanvaellus.fi\/index.php?rest_route=\/wp\/v2\/pages\/490\/revisions\/496"}],"wp:attachment":[{"href":"https:\/\/www.kairanvaellus.fi\/index.php?rest_route=%2Fwp%2Fv2%2Fmedia&parent=490"}],"curies":[{"name":"wp","href":"https:\/\/api.w.org\/{rel}","templated":true}]}}